10001
In base 6, what is 4 - -20054?
20102
In base 14, what is -b - -2?
-9
In base 6, what is -3 - 113?
-120
In base 15, what is -122 - 1?
-123
In base 14, what is 93 + 12?
a5
In base 16, what is 1 + 86?
87
In base 7, what is -4 - 26?
-33
In base 9, what is 0 + 14?
14
In base 9, what is 7 - 1?
6
In base 3, what is 1011 + -2?
1002
In base 3, what is 2 + -10002?
-10000
In base 2, what is 11110010 - -100?
11110110
In base 8, what is 30 + 73?
123
In base 12, what is 9 - -22a?
237
In base 3, what is -11202220 + -12?
-11210002
In base 7, what is -3 + -233?
-236
In base 4, what is 11 + -303?
-232
In base 5, what is -21 - -142?
121
In base 3, what is -11 + -12021?
-12102
In base 12, what is 4 - -9aa?
9b2
In base 9, what is 360 + -16?
343
In base 4, what is 133113 - 20?
133033
In base 10, what is 787 + 0?
787
In base 11, what is 1735 + 2?
1737
In base 11, what is 277 - -3?
27a
In base 15, what is 2e7 + -2?
2e5
In base 11, what is -108 - -19?
-9a
In base 2, what is -1001010 - 101?
-1001111
In base 5, what is 1 - -21410?
21411
In base 10, what is 7 + -27?
-20
In base 2, what is -10 + -1001011?
-1001101
In base 4, what is -31110 + 2?
-31102
In base 8, what is -1172 - -2?
-1170
In base 13, what is 549 + -6?
543
In base 2, what is 1 - 1111111?
-1111110
In base 2, what is 11110001 + 10?
11110011
In base 8, what is -4 + 757?
753
In base 2, what is 10001 + 1001?
11010
In base 9, what is -34 - 83?
-127
In base 12, what is 10 + -66?
-56
In base 9, what is -1 - 57?
-58
In base 11, what is 470 + -2?
469
In base 15, what is 1b2 - 9?
1a8
In base 9, what is -1 - 412?
-413
In base 4, what is 200121 + -111?
200010
In base 4, what is 23 + 11?
100
In base 12, what is 160 - 2?
15a
In base 14, what is -3 - -2ad?
2aa
In base 9, what is 107 - -1?
108
In base 4, what is 33022 - -23?
33111
In base 13, what is -a1 + -5?
-a6
In base 5, what is 4 - -230?
234
In base 11, what is -2 + -2a?
-31
In base 10, what is 7233 + -3?
7230
In base 7, what is 3 - -44?
50
In base 12, what is 19 + 18?
35
In base 9, what is -3 + 4376?
4373
In base 4, what is -2 + -212?
-220
In base 10, what is 107 - 8?
99
In base 11, what is 1a53 + 4?
1a57
In base 16, what is 5 - -35?
3a
In base 9, what is 111 + 3?
114
In base 5, what is -311102 + -1?
-311103
In base 6, what is 10 + 15455?
15505
In base 15, what is -b6 + 10?
-a6
In base 12, what is -7 - -34?
29
In base 8, what is 45 + -161?
-114
In base 12, what is 48 - 11?
37
In base 14, what is -2da + -3?
-2dd
In base 16, what is 33 + -b?
28
In base 9, what is 0 + -105?
-105
In base 6, what is -21 + 1404?
1343
In base 13, what is -3 - -54?
51
In base 6, what is 1034 - -3?
1041
In base 16, what is -2 - 18a?
-18c
In base 12, what is 244 + -6?
23a
In base 15, what is -1b + -12?
-2d
In base 6, what is -325 + 35?
-250
In base 9, what is 22731 - -1?
22732
In base 3, what is -111111 - -20?
-111021
In base 2, what is 1110 - -11111111100?
100000001010
In base 7, what is -5 + 3240?
3232
In base 10, what is 54 - 9?
45
In base 9, what is 2 - 28?
-26
In base 3, what is -100 - 221?
-1021
In base 6, what is 131 - -25?
200
In base 12, what is 5 - 3575?
-3570
In base 5, what is -41312 + 4?
-41303
In base 9, what is 85 + 1?
86
In base 15, what is -4048 - -3?
-4045
In base 16, what is -10b1 - -3?
-10ae
In base 11, what is -a + -11?
-20
In base 8, what is 32 + 14?
46
In base 5, what is 32124 - -1?
32130
In base 3, what is 11 - 1012?
-1001
In base 16, what is 0 + bb?
bb
In base 3, what is 11202 + 2?
11211
In base 9, what is -3 + 10018?
10015
In base 8, what is 41 - 1270?
-1227
In base 6, what is -1303 - -5?
-1254
In base 14, what is c8 - 1?
c7
In base 6, what is -5 - -141?
132
In base 5, what is 3222 - -3?
3230
In base 13, what is 5a2 - 14?
58b
In base 6, what is -3 + -14425?
-14432
In base 14, what is -7 - 6b?
-74
In base 4, what is -22113 + -31?
-22210
In base 13, what is -2a - 33?
-60
In base 5, what is -2 - 142?
-144
In base 16, what is -66a - 5?
-66f
In base 7, what is -2 + -6?
-11
In base 4, what is 300012 - -2?
300020
In base 9, what is 52 + 3?
55
In base 15, what is 457 - 2?
455
In base 4, what is 33 - 2002?
-1303
In base 16, what is c - -e0?
ec
In base 2, what is -1 - -101000?
100111
In base 2, what is -1101101 + 1?
-1101100
In base 9, what is -3 + 543?
540
In base 16, what is -1 - 1fab?
-1fac
In base 3, what is 11 - 1112?
-1101
In base 7, what is 264 + -60?
204
In base 9, what is 2 - 182?
-180
In base 15, what is -3 - 8?
-b
In base 9, what is -1 + -1330?
-1331
In base 6, what is 33 - 0?
33
In base 8, what is -336 + 0?
-336
In base 13, what is 6009 - 3?
6006
In base 4, what is 200 + -12?
122
In base 6, what is -3 + 0?
-3
In base 5, what is -344104 - -3?
-344101
In base 16, what is 8 - -67?
6f
In base 6, what is -22 - -203?
141
In base 13, what is 3c4 - -3?
3c7
In base 4, what is 231 + -1011?
-120
In base 3, what is 12012020 + 12?
12012102
In base 4, what is -3 - 302?
-311
In base 13, what is -5 - -139?
134
In base 5, what is -100 - 214?
-314
In base 9, what is 176 + -1?
175
In base 14, what is 139 + -3?
136
In base 9, what is 2 - 78?
-76
In base 4, what is 32 + 23?
121
In base 16, what is 5 + 3b2?
3b7
In base 5, what is 2441 - 2?
2434
In base 4, what is -1101 - -2?
-1033
In base 4, what is -12 - -110?
32
In base 13, what is 5 - 132?
-12a
In base 8, what is 5 - -2?
7
In base 13, what is -5 - -73?
6b
In base 4, what is 23 - 22312?
-22223
In base 8, what is -2 + -4022?
-4024
In base 9, what is -5 + 10?
4
In base 16, what is -3 - -4d?
4a
In base 12, what is 3b + -8?
33
In base 4, what is 31221 - 13?
31202
In base 3, what is -11 + -1210?
-1221
In base 15, what is 0 + 7?
7
In base 6, what is 5 + -103?
-54
In base 12, what is 1 + 9b4?
9b5
In base 2, what is 11 + -1000010011001?
-1000010010110
In base 13, what is 260 + 3?
263
In base 5, what is -113 - 2?
-120
In base 10, what is -480 + 2?
-478
In base 9, what is -2 - 3?
-5
In base 14, what is -2d2 - 4?
-2d6
In base 9, what is 31 + 1610?
1641
In base 14, what is 15 + 6?
1b
In base 6, what is 122 + -5?
113
In base 4, what is -3313 - 11?
-3330
In base 11, what is 0 - -180?
180
In base 2, what is -101 - 1010101111?
-1010110100
In base 4, what is 13313 - 2?
13311
In base 12, what is 148b + -3?
1488
In base 9, what is 7 + 723?
731
In base 11, what is -3a + 4?
-36
In base 8, what is 34 + 4?
40
In base 12, what is 1193 - -4?
1197
In base 9, what is 2 + 54?
56
In base 2, what is -1110011 - -110?
-1101101
In base 7, what is 562 + -3?
556
In base 15, what is dae + 5?
db4
In base 8, what is 40 - 3?
35
In base 2, what is 100 - -100110010101?
100110011001
In base 14, what is -5d - -a2?
43
In base 3, what is -122000 - -101?
-121122
In base 14, what is -9d - 4?
-a3
In base 15, what is -90a + -5?
-910
In base 12, what is 276b + 2?
2771
In base 6, what is -3 - 145?
-152
In base 6, what is 10 - 342?
-332
In base 2, what is 101 + 111?
1100
In base 16, what is -2 + -1a7?
-1a9
In base 11, what is 157 - -1?
158
In base 10, what is 6319 - 5?
6314
In base 3, what is 111201 - -11?
111212
In base 3, what is 1210 + -1?
1202
In base 15, what is 23 + -42?
-1e
In base 13, what is 20 + -28?
-8
In base 16, what is -241 - -1?
-240
In base 10, what is 2 - -54?
56
In base 14, what is -100 + -23?
-123
In base 16, what is -33 + 8?
-2b
In base 11, what is -1807 - -2?
-1805
In base 8, what is 2403 + -4?
2377
In base 15, what is -2069 - 1?
-206a
In base 12, what is 180 - -2?
182
In base 7, what is 256 + 44?
333
In base 12, what is -1 - -59?
58
In base 13, what is 186 + a?
193
In base 6, what is 144 + -1?
143
In base 14, what is 28a - 1?
289
In base 3, what is -10011120 - 2?
-10011122
In base 2, what is 101 - -1010010011011?
1010010100000
In base 14, what is -36a - 3?
-36d
In base 9, what is 3 + 147?
151
In base 13, what is 58 - 1?
57
In base 3, what is 1010 + 212111?
220121
In base 14, what is -5 - -93?
8c
In base 13, what is -2a51 + 1?
-2a50
In base 4, what is -23021 - 0?
-23021
In base 6, what is 0 + 150?
150
In base 15, what is a - 5d?
-53
In base 6, what is -1005 - 0?
-1005
In base 6, what is 5044 - 1?
5043
In base 10, what is 1801 - -2?
1803
In base 8, what is 410 - -16?
426
In base 13, what is 2 - 395?
-393
In base 5, what is -1 + -110?
-111
In base 12, what is -1a1 - -4?
-199
In base 13, what is 4 - -660?
664
In base 8, what is 270 - 0?
270
In base 8, what is